= 64*p - 152. Give q(2).
-24
Let s(f) = f**3 + 13*f**2 - 74*f - 648. Give s(-15).
12
Let p(s) = 3558*s + 7111. Give p(-2).
-5
Let a(h) = -11*h - 267. Give a(-21).
-36
Let q(s) = -s**3 - 35*s**2 + 75*s + 4. Calculate q(-37).
-33
Let q(c) = 2*c**2 + 799*c + 2384. Determine q(-3).
5
Let q(m) = -m**3 + 20*m**2 + 18*m - 53. Calculate q(21).
-116
Let w(r) = 247*r - 1394. Calculate w(10).
1076
Let k(w) = -43*w**3 - 3*w**2 - w + 3. Give k(1).
-44
Let d(n) = -n**3 + 19*n**2 - 76*n - 34. Give d(13).
-8
Let x(c) = 25*c - 72. Calculate x(2).
-22
Let x(p) = p**3 - 5*p**2 - 4*p + 7. Give x(6).
19
Let z(k) = 6*k**2 - 486*k + 1805. Determine z(4).
-43
Let o(i) = 13*i**2 - 241*i - 476. Give o(-2).
58
Let u(d) = 2*d**3 - 88*d**2 + 2*d - 79. Calculate u(44).
9
Let d(m) = -95*m**2 + 25*m + 23. Give d(-1).
-97
Let t(z) = z**3 + 17*z**2 + 39*z + 58. Determine t(-15).
-77
Let c(r) = 3*r**3 + 320*r**2 - 107*r + 1. Determine c(-107).
1
Let k(b) = b**3 + 89*b**2 - 278*b + 3. Give k(3).
-3
Let l(p) = -165*p - 2321. Give l(-14).
-11
Let p(y) = 11*y + 875. Calculate p(-79).
6
Let l(x) = -99*x + 1900. What is l(19)?
19
Let z(g) = 48*g**2 - 51*g + 49. Calculate z(1).
46
Let c(h) = 11*h**2 - 695*h + 171. Determine c(63).
45
Let k(t) = -112*t**2 + 2*t + 3. Determine k(-1).
-111
Let j(n) = -n**2 - 79*n - 575. Give j(-68).
173
Let h(v) = v**3 + 10*v**2 - 104*v - 942. Calculate h(-11).
81
Let y(l) = -l**3 + 19*l**2 + 31*l - 97. Calculate y(20).
123
Let z(r) = -2*r**2 + 95*r + 116. Give z(41).
649
Let f(z) = -z**2 - z - 53. Determine f(-10).
-143
Let z(f) = -83*f - 2538. Give z(-31).
35
Let u(f) = -3*f**2 - 19*f + 117. What is u(6)?
-105
Let v(i) = 2*i**3 - 347*i**2 - 882*i + 374. Give v(176).
22
Let l(q) = -2*q**2 + 16*q + 10. Give l(12).
-86
Let f(v) = -v**3 - 11*v**2 + 9*v - 10. What is f(-12)?
26
Let l(m) = 3*m**2 - m - 13. What is l(-5)?
67
Let p(m) = -136*m + 398. Determine p(3).
-10
Let d(o) = -2*o**2 - 5*o + 139. What is d(9)?
-68
Let h(u) = 2*u**3 - 84*u**2 - 68*u - 727. Give h(43).
47
Let l(i) = 3*i**2 + 11*i - 83. Give l(10).
327
Let z(w) = -w**2 + 8*w + 26. Determine z(7).
33
Let k(w) = 61*w - 10. Calculate k(1).
51
Let v(y) = 2*y**3 - 49*y**2 + 57*y - 794. Calculate v(23).
-1070
Let w(t) = 191*t + 3906. Determine w(-20).
86
Let o(t) = 5*t - 78. What is o(-16)?
-158
Let t(y) = -2490*y + 24897. What is t(10)?
-3
Let u(w) = 11*w**3 + 37*w**2 - 9*w + 3. Give u(-3).
66
Let q(c) = -63*c**2 - 2*c. Determine q(1).
-65
Let n(y) = -3*y**2 - 20*y + 354. Determine n(-16).
-94
Let u(i) = -2*i**2 + 15*i - 97. Determine u(3).
-70
Let u(y) = y**3 - 30*y**2 + 66*y - 998. What is u(29)?
75
Let q(u) = -15*u + 593. Determine q(37).
38
Let z(m) = 129*m - 12028. What is z(94)?
98
Let f(b) = 8*b + 506. Determine f(-64).
-6
Let u(g) = -g**2 - 274*g - 7. What is u(0)?
-7
Let i(x) = 2616*x + 62795. Calculate i(-24).
11
Let n(w) = -5*w + 288. Give n(57).
3
Let x(u) = 1366*u - 110646. What is x(81)?
0
Let t(p) = -11*p - 106. Calculate t(-15).
59
Let p(j) = -j**3 + 20*j**2 + 31*j - 143. What is p(21)?
67
Let c(g) = -g**2 + 297*g - 1510. What is c(5)?
-50
Let z(c) = c**2 + 24*c + 34. Give z(-22).
-10
Let k(a) = a**3 + 125*a**2 - 144*a + 13973. Determine k(-127).
3
Let k(a) = 63*a - 416. What is k(8)?
88
Let y(j) = -148*j + 1624. Give y(11).
-4
Let u(a) = -a**2 + 5*a + 726. What is u(32)?
-138
Let s(d) = -d**2 + 61*d + 282. Give s(79).
-1140
Let w(a) = 2*a**2 + 2*a - 222. Determine w(10).
-2
Let k(d) = 3*d**2 - 5*d + 19. What is k(-8)?
251
Let r(h) = -h**3 + 13*h**2 + 36*h + 210. Give r(16).
18
Let p(c) = 46*c - 1774. What is p(39)?
20
Let o(s) = 526*s - 2511. Calculate o(5).
119
Let m(s) = s**3 + 14*s**2 + 48*s - 1. What is m(-7)?
6
Let r(s) = -s**2 + 120*s - 1646. Give r(16).
18
Let m(w) = -w + 23. Calculate m(14).
9
Let o(b) = -b**3 + 95*b**2 - 184*b - 238. Give o(93).
-52
Let t(c) = 21*c + 58. Give t(2).
100
Let x(d) = 4*d**3 + 20*d**2 + 5*d - 4. Determine x(-5).
-29
Let r(a) = 716*a - 9282. Calculate r(13).
26
Let x(n) = -40*n - 576. Determine x(-9).
-216
Let a(r) = -54*r + 412. What is a(8)?
-20
Let k(r) = -r**3 + 84*r**2 - 167*r - 5. Give k(82).
-251
Let a(o) = 6*o**2 - 2*o - 13. Calculate a(3).
35
Let b(r) = r**2 - 142*r + 5033. Determine b(69).
-4
Let b(d) = d**2 + 13*d - 15. Give b(-24).
249
Let x(k) = k**3 - 41*k**2 - 33*k - 385. What is x(42)?
-7
Let y(u) = 2*u**3 - 82*u**2 - 901*u - 20. What is y(-9)?
-11
Let x(z) = z**3 + 56*z**2 + 162*z + 214. What is x(-53)?
55
Let x(m) = 6*m**3 + 17*m**2 - 8*m - 11. Calculate x(-3).
4
Let k(g) = -g**2 - 22*g - 58. Give k(-17).
27
Let n(h) = -2*h**3 - 77*h**2 + 41*h + 89. What is n(-39)?
11
Let a(f) = f**2 - 11*f - 56. Calculate a(15).
4
Let t(g) = 95*g - 6455. Give t(68).
5
Let j(g) = -66*g - 3096. Determine j(-47).
6
Let s(g) = g**3 - 13*g**2 - 2*g + 58. What is s(13)?
32
Let s(v) = -2*v**3 - 4*v**2 + 18*v + 40. Calculate s(-5).
100
Let a(w) = w**3 + 42*w**2 + 127*w + 84. What is a(-39)?
-306
Let z(b) = -806*b - 6425. Calculate z(-8).
23
Let p(a) = -169*a + 24061. Calculate p(143).
-106
Let k(o) = 5*o**3 + 180*o**2 + 627*o - 38. Give k(-32).
378
Let s(o) = -35*o**2 - 33*o - 115. Calculate s(-4).
-543
Let g(k) = 3*k**2 - 29*k + 65. Give g(5).
-5
Let o(x) = -294*x + 352. What is o(3)?
-530
Let o(j) = 38*j - 1660. Calculate o(34).
-368
Let t(v) = -56*v**3 - 18*v**2 - 10*v + 1. Determine t(-1).
49
Let y(j) = j**2 - 772*j - 5452. Determine y(-7).
1
Let w(g) = 27*g**2 - 39*g + 36. Calculate w(1).
24
Let h(q) = q**3 - 61*q**2 - 128*q + 127. Give h(63).
1
Let l(d) = -12*d**2 + 152*d + 67. What is l(13)?
15
Let t(o) = o**3 + 18*o**2 + 7*o + 112. Calculate t(-18).
-14
Let u(w) = 9*w**3 + 70*w**2 - 976*w - 12. Give u(-15).
3
Let l(s) = -4*s**3 + 10*s**2 + 131*s - 20. Give l(-5).
75
Let t(d) = 32*d + 1340. Determine t(-42).
-4
Let y(v) = v**3 - 52*v**2 - 57*v + 207. Give y(53).
-5
Let b(m) = -2*m**3 - 87*m**2 + 71*m + 1189. Determine b(-44).
1
Let o(g) = -g**3 + 3*g**2 - 133*g + 707. What is o(5)?
-8
Let m(o) = 2*o**3 - 13*o**2 - 15*o + 72. Calculate m(7).
16
Let l(y) = y**3 + 4*y**2 + 22*y + 119. Determine l(-5).
-16
Let d(m) = 9*m**3 + 68*m**2 - 16*m - 19. Calculate d(-8).
-147
Let w(d) = d**2 + 101*d - 761. Calculate w(7).
-5
Let x(q) = q**2 + 38*q - 19. Give x(-43).
196
Let p(r) = 8*r**2 - 62*r + 93. Determine p(6).
9
Let f(j) = -j**2 + 1765*j + 17. Calculate f(0).
17
Let y(b) = -1568*b - 1554. Calculate y(-1).
14
Let x(d) = -311*d + 65933. Give x(212).
1
Let g(u) = -u**3 + 19*u**2 + 41*u + 54. Calculate g(21).
33
Let b(k) = 2*k**3 + 62*k**2 + 57*k + 22. Calculate b(-30).
112
Let f(j) = -54*j + 38. What is f(1)?
-16
Let r(n) = -343*n + 19551. Determine r(57).
0
Let i(j) = -4*j**2 + 20*j - 235. Give i(7).
-291
Let z(c) = -7*c**2 + 2*c + 22. Give z(-4).
-98
Let k(d) = -6*d**2 + 149*d + 11. What is k(27)?
-340
Let o(v) = -11*v - 319. What is o(-26)?
-33
Let w(s) = -167*s - 4468. Determine w(-27).
41
Let k(o) = 2*o**3 - 121*o**2 + 1504*o + 57. Determine k(43).
14
Let l(w) = w**3 - 16*w**2 + 59*w - 1. What is l(6)?
-7
Let k(t) = t**2 + 124*t + 482. Calculate k(-4).
2
Let r(f) = f**3 - 10*f**2 + 26*f - 128. Give r(9).
25
Let s(m) = -38*m**2 - 366*m + 11. Calculate s(-9).
227
Let m(b) = b**3 - 82*b**2 - 253*b - 159. What is m(85)?
11
Let m(w) = 2*w**3 + 7*w**2 - 10*w - 18. Determine m(-4).
6
Let w(i) = 3*i**3 - 8*i**2 + 17*i - 98. Determine w(6).
364
Let c(w) = 276*w + 284. What is c(-1)?
8
Let f(z) = -12*z**3 + 50*z**2 + z - 76. Give f(4).
-40
Let c(a) = 5*a**3 - 37*a**2 + 59*a - 103. What is c(6)?
-1
Let g(b) = 16*b + 328. What is g(-12)?
136
Let z(k) = -k**2 - 46*k - 380. Give z(-32).
68
Let k(r) = -r**2 - 12*r - 21. Determine k(-5).
14
Let n(y) = -6*y**2 + 27*y - 32. Calculate n(3).
-5
Let t(m) = -m**3 + 5*m**2 + 100*m + 54. Calculate t(13).
2
Let z(b) = b**3 - 3*b**2 - 30*b + 99. Calculate z(5).
-1
Let l(t) = 2*t**3 + 18*t**2 - 29*t + 168. Calculate l(-11).
3
Let i(m) = -21*m**3 - 4*m**2 - 6*m - 2. Determine i(-1).
21
Let t(b) = -11*b + 238. What is t(22)?
-4
Let j(n) = n**3 - 44*n**2 - 92*n + 34. Give j(46).
34
Let x(j) = 2*j**3 + 217*j**2 - 106*j + 338. Determine x(-109).
11
Let s(n) = 204*n - 3093. Determine s(15).
-33
Let s(p) = 19*p**2 + 70*p + 71. Give s(-1).
20
Let n(l) = -l**3 - 34*l**2 - 18*l + 505. Calculate n(-33).
10
Let z(u) = -3*u**2 + 1